{"id":184,"date":"2011-02-24T17:36:53","date_gmt":"2011-02-24T17:36:53","guid":{"rendered":"http:\/\/www.alasrojas.com\/blog\/?page_id=184"},"modified":"2013-02-27T12:15:51","modified_gmt":"2013-02-27T12:15:51","slug":"hardware","status":"publish","type":"page","link":"http:\/\/alasrojas.com\/blog\/index.php\/documentacion\/hardware\/","title":{"rendered":"Hardware"},"content":{"rendered":"<p>ZONA DE HARDWARE<\/p>\n<p>En este apartado vamos a tratar de manteros al d\u00eda en todo lo  relativo al hardware del ordenador en tanto en cuanto afecte al  rendimiento de nuestros simuladores favoritos. Por supuesto hay multitud  de\u00a0<a href=\"http:\/\/www.alasrojas.com\/index.php?id=81&amp;lang=1\">sitios web<\/a> especializados  en hardware en general en donde podr\u00e9is encontrar mucha m\u00e1s  informaci\u00f3n, no aspiramos a hacer la competencia a nadie en ese  apartado, pero lo que si querr\u00edamos es dar respuesta a los problemas m\u00e1s  frecuentes a partir de los comentarios que vayan surgiendo d\u00eda a d\u00eda  en\u00a0<a href=\"http:\/\/www.alasrojas.com\/cgi-bin\/yabb2\/YaBB.pl\">nuestro tabl\u00f3n<\/a> o en otros de simulaci\u00f3n.<\/p>\n<p>En esta misma p\u00e1gina podr\u00e9is encontar la lista completa de art\u00edculos  disponibles, ordenados de m\u00e1s a menos recientes. Para cualquier  comentario, consulta o proposici\u00f3n de art\u00edculo (como en el resto de la  web, aqu\u00ed tambi\u00e9n se aceptan colaboraciones) os rogamos que os dirij\u00e1is a  la\u00a0<a href=\"http:\/\/www.alasrojas.com\/cgi-bin\/yabb2\/YaBB.pl?catselect=Gral_cat\">secci\u00f3n general<\/a> del tabl\u00f3n.<\/p>\n<div>\n<p><span style=\"color: #000000; font-size: 23px; line-height: 35px;\">Art\u00edculos Disponibles<\/span><\/p>\n<p><a title=\"Modificaci\u00f3n FSSB R3 Warthog de RealSimulator\" href=\"http:\/\/www.alasrojas.com\/blog\/?page_id=623&amp;preview=true\" target=\"_blank\">Modificaci\u00f3n FSSB R3 Warthog de RealSimulator<\/a><\/p>\n<p><a href=\"http:\/\/www.alasrojas.com\/Articulos\/FSSB\/default.htm\">Mod FSSB para el Cougar, de Realsimulator<\/a><\/p>\n<p><a href=\"http:\/\/www.alasrojas.com\/Articulos\/FSSB\/default.htm\"><\/a><a href=\"http:\/\/www.alasrojas.com\/hw\/realsimulator\/default.htm\">Cockpit de Realsimulator, para montarte una cabina en casa.<\/a><\/p>\n<p><a href=\"http:\/\/www.alasrojas.com\/Articulos\/PCILatency\/PCILatencyTime.htm\">Optimizaci\u00f3n del PCI Latency Time<\/a><\/p>\n<p><a href=\"http:\/\/www.alasrojas.com\/hw\/ch\/default.htm\">C\u00f3mo instalar frenos en los pedales CH Pro Pedals<\/a><\/p>\n<p><a href=\"http:\/\/www.alasrojas.com\/hw\/montaje\/default.htm\">C\u00f3mo montar tu propio ordenador<\/a><\/p>\n<p><a href=\"http:\/\/www.alasrojas.com\/hw\/cougar2\/default.htm\">Hotas Cougar II &#8211; Consejos y trucos<\/a><\/p>\n<p><a href=\"http:\/\/www.alasrojas.com\/Articulos\/cougar\/default.htm\">Hotas Cougar I &#8211; Toma de contacto<\/a><\/p>\n<p><a href=\"http:\/\/www.alasrojas.com\/Articulos\/nvidia2\/default.htm\">Tarjetas de V\u00eddeo GeForce III<\/a><\/p>\n<p><a href=\"http:\/\/www.alasrojas.com\/Articulos\/nvidia\/nvidia.htm\">Tarjetas de V\u00eddeo GeForce II<\/a><\/p>\n<p><a href=\"http:\/\/www.alasrojas.com\/Articulos\/tarjeta%20sonido\/tarjetasonido.htm\">Instalar una segunda tarjeta de sonido<\/a><\/p>\n<\/div>\n","protected":false},"excerpt":{"rendered":"<p>ZONA DE HARDWARE En este apartado vamos a tratar de manteros al d\u00eda en todo lo relativo al hardware del ordenador en tanto en cuanto afecte al rendimiento de nuestros simuladores favoritos. Por supuesto hay multitud de\u00a0sitios web especializados en hardware en general en donde podr\u00e9is encontrar mucha m\u00e1s informaci\u00f3n, no aspiramos a hacer la [&hellip;]<\/p>\n","protected":false},"author":1,"featured_media":0,"parent":81,"menu_order":1,"comment_status":"closed","ping_status":"closed","template":"onecolumn-page.php","meta":[],"_links":{"self":[{"href":"http:\/\/alasrojas.com\/blog\/index.php\/wp-json\/wp\/v2\/pages\/184"}],"collection":[{"href":"http:\/\/alasrojas.com\/blog\/index.php\/wp-json\/wp\/v2\/pages"}],"about":[{"href":"http:\/\/alasrojas.com\/blog\/index.php\/wp-json\/wp\/v2\/types\/page"}],"author":[{"embeddable":true,"href":"http:\/\/alasrojas.com\/blog\/index.php\/wp-json\/wp\/v2\/users\/1"}],"replies":[{"embeddable":true,"href":"http:\/\/alasrojas.com\/blog\/index.php\/wp-json\/wp\/v2\/comments?post=184"}],"version-history":[{"count":4,"href":"http:\/\/alasrojas.com\/blog\/index.php\/wp-json\/wp\/v2\/pages\/184\/revisions"}],"predecessor-version":[{"id":646,"href":"http:\/\/alasrojas.com\/blog\/index.php\/wp-json\/wp\/v2\/pages\/184\/revisions\/646"}],"up":[{"embeddable":true,"href":"http:\/\/alasrojas.com\/blog\/index.php\/wp-json\/wp\/v2\/pages\/81"}],"wp:attachment":[{"href":"http:\/\/alasrojas.com\/blog\/index.php\/wp-json\/wp\/v2\/media?parent=184"}],"curies":[{"name":"wp","href":"https:\/\/api.w.org\/{rel}","templated":true}]}}