{"id":171,"date":"2011-02-24T17:12:39","date_gmt":"2011-02-24T17:12:39","guid":{"rendered":"http:\/\/www.alasrojas.com\/blog\/?page_id=171"},"modified":"2011-02-24T17:21:17","modified_gmt":"2011-02-24T17:21:17","slug":"galeria","status":"publish","type":"page","link":"http:\/\/alasrojas.com\/blog\/index.php\/alas-rojas\/galeria\/","title":{"rendered":"Galer\u00eda"},"content":{"rendered":"<table border=\"0\" cellspacing=\"5\" cellpadding=\"5\" width=\"99%\">\n<tbody>\n<tr>\n<td>\n<h1><strong>El \u00c1lbum de Fotos de Las Alas Rojas<\/strong><\/h1>\n<\/td>\n<\/tr>\n<\/tbody>\n<\/table>\n<p>Bienvenido a esta secci\u00f3n del ala. En ella trataremos de hacer una  recopilaci\u00f3n de esas preciosas im\u00e1genes, a veces curiosas, con que nos  regala nuestro simulador preferido. Est\u00e1 abierta a todo el mundo, el que  quiera, que participe.<\/p>\n<p>Sin m\u00e1s dilaci\u00f3n, pasamos al contenido:<\/p>\n<table border=\"0\" cellspacing=\"2\" width=\"100%\" align=\"center\">\n<tbody>\n<tr>\n<td colspan=\"2\" height=\"367\" align=\"center\"><strong><em>LAS FOTOS MAS RECIENTES (\u00daltima actualizaci\u00f3n el 03\/05\/2004)<\/em><\/strong><\/p>\n<p><a href=\"http:\/\/www.alasrojas.com\/Torneos\/album\/fotolomac-13.html\"><img loading=\"lazy\" src=\"http:\/\/www.alasrojas.com\/Torneos\/album\/fotos\/fotolomac-13-peq.jpg\" alt=\"\" width=\"175\" height=\"131\" \/><\/a> <a href=\"http:\/\/www.alasrojas.com\/Torneos\/album\/fotolomac-14.html\"><img loading=\"lazy\" src=\"http:\/\/www.alasrojas.com\/Torneos\/album\/fotos\/fotolomac-14-peq.jpg\" alt=\"\" width=\"175\" height=\"131\" \/><\/a> <a href=\"http:\/\/www.alasrojas.com\/Torneos\/album\/fotolomac-15.html\"><img loading=\"lazy\" src=\"http:\/\/www.alasrojas.com\/Torneos\/album\/fotos\/fotolomac-15-peq.jpg\" alt=\"\" width=\"175\" height=\"131\" \/><\/a> <a href=\"http:\/\/www.alasrojas.com\/Torneos\/album\/fotolomac-16.html\"><img loading=\"lazy\" src=\"http:\/\/www.alasrojas.com\/Torneos\/album\/fotos\/fotolomac-16-peq.jpg\" alt=\"\" width=\"175\" height=\"131\" \/> <\/a><a href=\"http:\/\/www.alasrojas.com\/Torneos\/album\/fotolomac-17.html\"><img loading=\"lazy\" src=\"http:\/\/www.alasrojas.com\/Torneos\/album\/fotos\/fotolomac-17-peq.jpg\" alt=\"\" width=\"175\" height=\"131\" \/><\/a><\/td>\n<\/tr>\n<\/tbody>\n<\/table>\n<table border=\"0\" cellspacing=\"2\" width=\"800\" align=\"center\">\n<tbody>\n<tr align=\"center\" valign=\"top\">\n<td width=\"25%\" height=\"143\"><a href=\"http:\/\/www.alasrojas.com\/Torneos\/album\/fotos-ind-6.html\">Veamos las de Flanker 2.x <\/a><\/p>\n<p><a title=\"Veamos las fotos pues\" href=\"http:\/\/www.alasrojas.com\/Torneos\/album\/fotos-ind-6.html\"><img loading=\"lazy\" src=\"http:\/\/www.alasrojas.com\/Torneos\/album\/fotos\/instantanea.jpg\" alt=\"\" width=\"100\" height=\"100\" \/><\/a><\/td>\n<td width=\"25%\" height=\"143\"><a href=\"http:\/\/www.alasrojas.com\/Torneos\/album\/fotoslomac-ind-1.html\">Veamos las de LOMAC<\/a><\/p>\n<p><a title=\"Capturas de Lock-On\" href=\"http:\/\/www.alasrojas.com\/Torneos\/album\/fotoslomac-ind-1.html\"><img loading=\"lazy\" src=\"http:\/\/www.alasrojas.com\/Torneos\/album\/fotos\/lomac.jpg\" alt=\"\" width=\"110\" height=\"83\" \/><\/a><\/td>\n<td width=\"25%\" height=\"143\"><a href=\"http:\/\/www.alasrojas.com\/Torneos\/album\/fotosreal-ind-1.html\">Veamos las de aviaci\u00f3n real<\/a><\/p>\n<p><a title=\"Aviaci\u00f3n real\" href=\"http:\/\/www.alasrojas.com\/Torneos\/album\/fotosreal-ind-1.html\"><img loading=\"lazy\" src=\"http:\/\/www.alasrojas.com\/Torneos\/album\/fotos\/aviacionreal.jpg\" alt=\"\" width=\"102\" height=\"100\" \/><\/a><\/td>\n<td width=\"25%\" height=\"143\"><a href=\"http:\/\/www.alasrojas.com\/Torneos\/album\/howto.html\">\u00bfC\u00f3mo se hacen?<\/a><\/p>\n<p><a title=\"\u00bfcomo se hacen las fotos?\" href=\"http:\/\/www.alasrojas.com\/Torneos\/album\/howto.html\"><img loading=\"lazy\" src=\"http:\/\/www.alasrojas.com\/Torneos\/album\/fotos\/camara.gif\" alt=\"\" width=\"100\" height=\"98\" \/><\/a><\/td>\n<\/tr>\n<tr align=\"center\" valign=\"top\">\n<td width=\"25%\" height=\"143\"><\/td>\n<td width=\"25%\" height=\"143\"><a href=\"http:\/\/www.alasrojas.com\/Torneos\/album\/eventos.html\">Eventos especiales<\/a><\/p>\n<p><a title=\"Quedadas, exhibiciones, eventos on-line\" href=\"http:\/\/www.alasrojas.com\/Torneos\/album\/eventos.html\"><img loading=\"lazy\" src=\"http:\/\/www.alasrojas.com\/Torneos\/album\/fotos\/eventos.jpg\" alt=\"\" width=\"110\" height=\"83\" \/><\/a><\/td>\n<td width=\"25%\" height=\"143\"><a href=\"http:\/\/www.alasrojas.com\/Torneos\/album\/tapices.html\">Fondos de escritorio.<\/a><\/p>\n<p><a title=\"Fondos de escritorio\" href=\"http:\/\/www.alasrojas.com\/Torneos\/album\/tapices.html\"><img loading=\"lazy\" src=\"http:\/\/www.alasrojas.com\/Torneos\/album\/tapices\/tapiz.jpg\" alt=\"\" width=\"133\" height=\"100\" \/><\/a><\/td>\n<td width=\"25%\" height=\"143\"><\/td>\n<\/tr>\n<tr>\n<td colspan=\"4\" align=\"center\"><a href=\"http:\/\/www.alasrojas.com\/Torneos\/album\/ponerfotos.html\">\u00a1Eeehh! \u00a1Yo tambi\u00e9n quiero participar!<\/a><\/td>\n<\/tr>\n<\/tbody>\n<\/table>\n<p>&nbsp;<\/p>\n","protected":false},"excerpt":{"rendered":"<p>El \u00c1lbum de Fotos de Las Alas Rojas Bienvenido a esta secci\u00f3n del ala. En ella trataremos de hacer una recopilaci\u00f3n de esas preciosas im\u00e1genes, a veces curiosas, con que nos regala nuestro simulador preferido. Est\u00e1 abierta a todo el mundo, el que quiera, que participe. Sin m\u00e1s dilaci\u00f3n, pasamos al contenido: LAS FOTOS MAS [&hellip;]<\/p>\n","protected":false},"author":1,"featured_media":0,"parent":79,"menu_order":5,"comment_status":"closed","ping_status":"closed","template":"onecolumn-page.php","meta":[],"_links":{"self":[{"href":"http:\/\/alasrojas.com\/blog\/index.php\/wp-json\/wp\/v2\/pages\/171"}],"collection":[{"href":"http:\/\/alasrojas.com\/blog\/index.php\/wp-json\/wp\/v2\/pages"}],"about":[{"href":"http:\/\/alasrojas.com\/blog\/index.php\/wp-json\/wp\/v2\/types\/page"}],"author":[{"embeddable":true,"href":"http:\/\/alasrojas.com\/blog\/index.php\/wp-json\/wp\/v2\/users\/1"}],"replies":[{"embeddable":true,"href":"http:\/\/alasrojas.com\/blog\/index.php\/wp-json\/wp\/v2\/comments?post=171"}],"version-history":[{"count":3,"href":"http:\/\/alasrojas.com\/blog\/index.php\/wp-json\/wp\/v2\/pages\/171\/revisions"}],"predecessor-version":[{"id":180,"href":"http:\/\/alasrojas.com\/blog\/index.php\/wp-json\/wp\/v2\/pages\/171\/revisions\/180"}],"up":[{"embeddable":true,"href":"http:\/\/alasrojas.com\/blog\/index.php\/wp-json\/wp\/v2\/pages\/79"}],"wp:attachment":[{"href":"http:\/\/alasrojas.com\/blog\/index.php\/wp-json\/wp\/v2\/media?parent=171"}],"curies":[{"name":"wp","href":"https:\/\/api.w.org\/{rel}","templated":true}]}}