{"id":163,"date":"2011-02-24T17:11:23","date_gmt":"2011-02-24T17:11:23","guid":{"rendered":"http:\/\/www.alasrojas.com\/blog\/?page_id=163"},"modified":"2012-06-13T22:46:10","modified_gmt":"2012-06-13T22:46:10","slug":"fichas-de-pilotos","status":"publish","type":"page","link":"http:\/\/alasrojas.com\/blog\/index.php\/alas-rojas\/fichas-de-pilotos\/","title":{"rendered":"Fichas de Pilotos"},"content":{"rendered":"<h2>Pilotos Cualificados (por orden de cualificaci\u00f3n y alfab\u00e9tico)<\/h2>\n<table border=\"1\" cellspacing=\"1\" cellpadding=\"4\" width=\"100%\">\n<tbody>\n<tr>\n<td rowspan=\"2\" align=\"center\" valign=\"middle\"><strong>Piloto<\/strong><\/td>\n<td rowspan=\"2\" align=\"center\" valign=\"middle\"><strong>Cualificaci\u00f3n<\/strong><\/td>\n<td colspan=\"2\" align=\"center\" valign=\"middle\"><strong>Condecoraciones<\/strong><\/td>\n<td rowspan=\"2\" align=\"center\" valign=\"middle\"><strong>Victorias en Red<\/strong><\/td>\n<\/tr>\n<tr>\n<td align=\"center\" valign=\"middle\"><strong>Medallas<\/strong><\/td>\n<td align=\"center\" valign=\"middle\"><strong>Menciones<\/strong><\/td>\n<\/tr>\n<tr>\n<td align=\"center\" valign=\"top\"><a href=\"mailto:mikeloto@alasrojas.com\">Mikeloto<\/a><\/td>\n<td align=\"center\" valign=\"top\"><img src=\"http:\/\/www.alasrojas.com\/Pilotos\/instructor.gif\" border=\"0\" alt=\"\" \/><\/td>\n<td align=\"center\" valign=\"top\"><img src=\"http:\/\/www.alasrojas.com\/Pilotos\/redstar.gif\" border=\"0\" alt=\"\" \/><\/td>\n<td align=\"center\" valign=\"top\">&#8212;-<\/td>\n<td align=\"center\" valign=\"top\">&#8212;<\/td>\n<\/tr>\n<tr>\n<td align=\"center\" valign=\"top\"><a href=\"mailto:reisen@alasrojas.com\">Reisen<\/a><\/td>\n<td align=\"center\" valign=\"top\"><img src=\"http:\/\/www.alasrojas.com\/Pilotos\/instructor.gif\" border=\"0\" alt=\"\" \/><\/td>\n<td align=\"center\" valign=\"top\"><img src=\"http:\/\/www.alasrojas.com\/Pilotos\/especial.gif\" border=\"0\" alt=\"\" \/><\/td>\n<td align=\"center\" valign=\"top\">&#8212;<\/td>\n<td align=\"center\" valign=\"top\">&#8212;<\/td>\n<\/tr>\n<tr>\n<td align=\"center\" valign=\"top\"><a href=\"mailto:vibora@alasrojas.com\">V\u00edbora<\/a><\/td>\n<td align=\"center\" valign=\"top\"><img src=\"http:\/\/www.alasrojas.com\/Pilotos\/instructor.gif\" border=\"0\" alt=\"\" \/><\/td>\n<td align=\"center\" valign=\"top\"><img src=\"http:\/\/www.alasrojas.com\/Pilotos\/redstar.gif\" border=\"0\" alt=\"\" \/><img src=\"http:\/\/www.alasrojas.com\/Pilotos\/especial.gif\" border=\"0\" alt=\"\" \/><\/td>\n<td align=\"center\" valign=\"top\">&#8212;<\/td>\n<td align=\"center\" valign=\"top\">19 <a><img loading=\"lazy\" class=\"aligncenter size-full wp-image-465\" title=\"VSAM\" src=\"http:\/\/www.alasrojas.com\/blog\/wp-content\/uploads\/2011\/02\/VSAM.gif\" alt=\"\" width=\"31\" height=\"30\" \/><\/a><\/td>\n<\/tr>\n<tr>\n<td align=\"center\" valign=\"top\"><a href=\"mailto:cayetano.delafuente@hotmail.com\">Sinue<\/a><\/td>\n<td align=\"center\" valign=\"top\"><img src=\"http:\/\/www.alasrojas.com\/Pilotos\/hangar3.gif\" border=\"0\" alt=\"\" \/><\/td>\n<td align=\"center\" valign=\"top\">&#8212;<\/td>\n<td align=\"center\" valign=\"top\">&#8212;-<\/td>\n<td align=\"center\" valign=\"top\">13 <a><img loading=\"lazy\" class=\"aligncenter size-full wp-image-465\" title=\"VSAM\" src=\"http:\/\/www.alasrojas.com\/blog\/wp-content\/uploads\/2011\/02\/VSAM.gif\" alt=\"\" width=\"31\" height=\"30\" \/><\/a><\/td>\n<\/tr>\n<tr>\n<td align=\"center\" valign=\"top\"><a href=\"mailto:xiuset@gmail.com\">Xiu<\/a><\/td>\n<td align=\"center\" valign=\"top\"><img src=\"http:\/\/www.alasrojas.com\/Pilotos\/hangar3.gif\" border=\"0\" alt=\"\" \/><\/td>\n<td align=\"center\" valign=\"top\">&#8212;<\/td>\n<td align=\"center\" valign=\"top\">&#8212;-<\/td>\n<td align=\"center\" valign=\"top\">&#8212;<\/td>\n<\/tr>\n<tr>\n<td align=\"center\" valign=\"top\"><a href=\"mailto:xkalibur@gmail.com\">XKalibur<\/a><\/td>\n<td align=\"center\" valign=\"top\"><img src=\"http:\/\/www.alasrojas.com\/Pilotos\/hangar3.gif\" border=\"0\" alt=\"\" \/><\/td>\n<td align=\"center\" valign=\"top\">&#8212;<\/td>\n<td align=\"center\" valign=\"top\">&#8212;-<\/td>\n<td align=\"center\" valign=\"top\">&#8212;<\/td>\n<\/tr>\n<tr>\n<td align=\"center\" valign=\"top\"><a href=\"mailto:oxdman2005@hotmail.com\">Fonomax<\/a><\/td>\n<td align=\"center\" valign=\"top\"><img src=\"http:\/\/www.alasrojas.com\/Pilotos\/hangar4.gif\" border=\"0\" alt=\"\" \/><\/td>\n<td align=\"center\" valign=\"top\">&#8212;<\/td>\n<td align=\"center\" valign=\"top\">&#8212;-<\/td>\n<td align=\"center\" valign=\"top\">&#8212;<\/td>\n<\/tr>\n<\/tbody>\n<\/table>\n","protected":false},"excerpt":{"rendered":"<p>Pilotos Cualificados (por orden de cualificaci\u00f3n y alfab\u00e9tico) Piloto Cualificaci\u00f3n Condecoraciones Victorias en Red Medallas Menciones Mikeloto &#8212;- &#8212; Reisen &#8212; &#8212; V\u00edbora &#8212; 19 Sinue &#8212; &#8212;- 13 Xiu &#8212; &#8212;- &#8212; XKalibur &#8212; &#8212;- &#8212; Fonomax &#8212; &#8212;- &#8212;<\/p>\n","protected":false},"author":1,"featured_media":0,"parent":79,"menu_order":1,"comment_status":"closed","ping_status":"closed","template":"onecolumn-page.php","meta":[],"_links":{"self":[{"href":"http:\/\/alasrojas.com\/blog\/index.php\/wp-json\/wp\/v2\/pages\/163"}],"collection":[{"href":"http:\/\/alasrojas.com\/blog\/index.php\/wp-json\/wp\/v2\/pages"}],"about":[{"href":"http:\/\/alasrojas.com\/blog\/index.php\/wp-json\/wp\/v2\/types\/page"}],"author":[{"embeddable":true,"href":"http:\/\/alasrojas.com\/blog\/index.php\/wp-json\/wp\/v2\/users\/1"}],"replies":[{"embeddable":true,"href":"http:\/\/alasrojas.com\/blog\/index.php\/wp-json\/wp\/v2\/comments?post=163"}],"version-history":[{"count":25,"href":"http:\/\/alasrojas.com\/blog\/index.php\/wp-json\/wp\/v2\/pages\/163\/revisions"}],"predecessor-version":[{"id":419,"href":"http:\/\/alasrojas.com\/blog\/index.php\/wp-json\/wp\/v2\/pages\/163\/revisions\/419"}],"up":[{"embeddable":true,"href":"http:\/\/alasrojas.com\/blog\/index.php\/wp-json\/wp\/v2\/pages\/79"}],"wp:attachment":[{"href":"http:\/\/alasrojas.com\/blog\/index.php\/wp-json\/wp\/v2\/media?parent=163"}],"curies":[{"name":"wp","href":"https:\/\/api.w.org\/{rel}","templated":true}]}}