{"id":142,"date":"2011-02-24T17:06:02","date_gmt":"2011-02-24T17:06:02","guid":{"rendered":"http:\/\/www.alasrojas.com\/blog\/?page_id=142"},"modified":"2011-10-22T03:31:01","modified_gmt":"2011-10-22T03:31:01","slug":"escuela","status":"publish","type":"page","link":"http:\/\/alasrojas.com\/blog\/index.php\/dcs-ka50\/escuela\/","title":{"rendered":"Escuela"},"content":{"rendered":"<p>Escuela Ka-50.<br \/>\nEn nuestro foro se encuentran una serie de art\u00edculos de instrucci\u00f3n.<br \/>\nVer la secci\u00f3n de<a href=\"http:\/\/www.alasrojas.com\/2.0\/foro\/viewforum.php?f=15\"> instrucci\u00f3n<\/a>.<\/p>\n","protected":false},"excerpt":{"rendered":"<p>Escuela Ka-50. En nuestro foro se encuentran una serie de art\u00edculos de instrucci\u00f3n. Ver la secci\u00f3n de instrucci\u00f3n.<\/p>\n","protected":false},"author":1,"featured_media":0,"parent":74,"menu_order":1,"comment_status":"closed","ping_status":"closed","template":"onecolumn-page.php","meta":[],"_links":{"self":[{"href":"http:\/\/alasrojas.com\/blog\/index.php\/wp-json\/wp\/v2\/pages\/142"}],"collection":[{"href":"http:\/\/alasrojas.com\/blog\/index.php\/wp-json\/wp\/v2\/pages"}],"about":[{"href":"http:\/\/alasrojas.com\/blog\/index.php\/wp-json\/wp\/v2\/types\/page"}],"author":[{"embeddable":true,"href":"http:\/\/alasrojas.com\/blog\/index.php\/wp-json\/wp\/v2\/users\/1"}],"replies":[{"embeddable":true,"href":"http:\/\/alasrojas.com\/blog\/index.php\/wp-json\/wp\/v2\/comments?post=142"}],"version-history":[{"count":2,"href":"http:\/\/alasrojas.com\/blog\/index.php\/wp-json\/wp\/v2\/pages\/142\/revisions"}],"predecessor-version":[{"id":368,"href":"http:\/\/alasrojas.com\/blog\/index.php\/wp-json\/wp\/v2\/pages\/142\/revisions\/368"}],"up":[{"embeddable":true,"href":"http:\/\/alasrojas.com\/blog\/index.php\/wp-json\/wp\/v2\/pages\/74"}],"wp:attachment":[{"href":"http:\/\/alasrojas.com\/blog\/index.php\/wp-json\/wp\/v2\/media?parent=142"}],"curies":[{"name":"wp","href":"https:\/\/api.w.org\/{rel}","templated":true}]}}